the prime factors of d(-4).
3, 11
Suppose 0 = c - 2*c - 32. Let q = 45 + c. List the prime factors of q.
13
Suppose -17 + 5 = -4*a. Suppose 4*f - 5*c = -0*f + 12, a*f - 9 = -3*c. What are the prime factors of f?
3
Let q(l) = -l**3 + 11*l**2 + 11*l + 26. List the prime factors of q(11).
3, 7
Let l(a) = -a**2 - 3*a + 6. Let h be l(-6). Let o = 22 + h. List the prime factors of o.
2, 5
What are the prime factors of 0*(-4)/16 + 34?
2, 17
Let t(k) = -25*k - 4. Let b(q) = 1. Let y(l) = -4*b(l) - t(l). List the prime factors of y(1).
5
Let o(b) be the second derivative of -2*b**3 + b**2/2 + 2*b. What are the prime factors of o(-1)?
13
Suppose 4*b + 3 = 3*m, -6 = 4*m - 2*m. List the prime factors of (-2)/(-2)*(12 + b).
3
Suppose 9*j - 8*j - 34 = 0. List the prime factors of j.
2, 17
Suppose n = 3*n - 48. Suppose n + 14 = q. List the prime factors of q.
2, 19
Suppose -422 = -3*t + 5*v, 5*v = -2*t + 7*t - 690. What are the prime factors of t?
2, 67
Let l(u) = -15*u - 8. What are the prime factors of l(-5)?
67
Let y(w) = -w + 2. Let l be y(6). Let u = -9 - -20. Let p = l + u. List the prime factors of p.
7
Let f(n) = n**2 - 11*n + 15. Let j be f(11). Let t = -9 + j. List the prime factors of t.
2, 3
List the prime factors of (1 + 70/(-8))*-4.
31
Suppose -4*h + 182 = -2. Let w(u) = 2*u - 7. Let m be w(-11). Let x = m + h. What are the prime factors of x?
17
Let n(g) = g**2 + 2*g - 3. Let w(t) = t**3 - 8*t**2 - 9*t + 2. Let a be w(9). List the prime factors of n(a).
5
Suppose h = 2*h + 1. Let n be (h/(2/(-40)))/1. Suppose 4*f = -2*j + n, 2*f + 1 = 5*j - 1. What are the prime factors of f?
2
Suppose 5*t + 5*g + 3 = -2, 2*t - 18 = 3*g. Suppose 4*i - 12 = l, i = l - 0*i - t. What are the prime factors of l?
2
Let k be 1/(-1*(-1)/3). Suppose x - 12 = -k*x. List the prime factors of (-1 + -2)/(-1) + x.
2, 3
Suppose 0*p = 2*p - 76. What are the prime factors of p?
2, 19
Let i(q) = 63*q**2 + q + 2. List the prime factors of i(-1).
2
Suppose -4*g + g = 6. Let l = g - 6. List the prime factors of l*(-4 + 2)/4.
2
Let u = 63 - 44. What are the prime factors of u?
19
Let d(i) be the first derivative of -i**6/360 - i**5/20 + i**4/4 - 2*i**3/3 + 3. Let z(c) be the third derivative of d(c). What are the prime factors of z(-6)?
2, 3
Suppose 0 = -11*x + 14*x - 9. Suppose 2*t = -2, -r - x*r + 5*t = -17. List the prime factors of r.
3
List the prime factors of (3 + -2 - 0) + 11.
2, 3
Let l(p) = -p**3 + 4*p**2 - 3*p - 2. Let q be l(3). Let a be 1 - -3*q/(-3). Let i = a + 9. List the prime factors of i.
2, 3
Let u(t) = 2*t**2 + 3*t + 1. Let m(n) = -2*n + 2. Let g be m(2). What are the prime factors of u(g)?
3
Let a(h) = 14*h - 1. Let d be a(2). Suppose 12*t - 405 = 3*t. Let b = t - d. What are the prime factors of b?
2, 3
Suppose 0 = 5*u - 6*u + 15. Suppose f + u = -6*o + o, 3*o + 2 = -2*f. Suppose -10 = -2*c + 3*b, -2*b + 2 = f*c - 42. List the prime factors of c.
2
Suppose 0*d + 5*d = -3*c - 11, 5*c + 1 = -4*d. Suppose 47 = c*i - 1. List the prime factors of i.
2
Suppose -2*g = -3*g + q - 2, -g - 3*q + 6 = 0. Suppose 0 = -4*z - g*z, 3*z = u - 4. What are the prime factors of u?
2
Let c(l) = -l**3 - 3*l**2 + 5*l + 2. Let w be c(-4). List the prime factors of -2*-17*(-1)/w.
17
List the prime factors of (-10 - (-3 + -8))/((-2)/(-822)).
3, 137
Let s(i) = i**2 - 6*i - 6. Let j be s(6). Let x = j + 19. List the prime factors of x.
13
Let z be (8/(-20))/((-1)/25). Suppose g + z = 3*g. Suppose 47 = g*x + 17. List the prime factors of x.
2, 3
Let h be 0 - (5 + -3) - -3. Let f be ((-2 - -1)*1)/h. Let k = f - -12. What are the prime factors of k?
11
Suppose 5*i - 12 = 2*i. Suppose -12 = -x - x - i*w, -3*x + 4*w + 18 = 0. Suppose x + 10 = d. List the prime factors of d.
2
Let u be 2/(-3*4/(-24)). Suppose 82 = u*h - 82. List the prime factors of h.
41
Let a = 62 - 35. Suppose 0 = m + 9 - a. Let o = -10 + m. What are the prime factors of o?
2
Let g(j) = j**3 - 14*j**2 + 13*j + 13. List the prime factors of g(13).
13
Let p(j) = -4*j - 2. Suppose -4*w - 4*g + 8 = 0, 0 = -5*w - g - 1 - 5. Let k be p(w). Suppose -4 = -o + k. List the prime factors of o.
2, 5
Let q(n) = n - 2. Let p be q(5). Suppose -4*m = -4*t + 8, -3*t = -4*m - 0*m - p. Suppose -t*j - 3 = -23. List the prime factors of j.
2
Let g = -4 + 13. What are the prime factors of g/2*(-2 - -4)?
3
Suppose -2*g - 6 = -4*g. Suppose 0 = i + g - 18. What are the prime factors of i?
3, 5
Let d(g) = -2*g**3 - 4*g**2 + 4*g - 2. Let p be d(2). Let t = p + 36. Let a = -3 + t. List the prime factors of a.
7
Let w(g) = 9*g - 1. Let q = -12 + 7. Let l(z) = -z**2 - 5*z + 1. Let m be l(q). What are the prime factors of w(m)?
2
Suppose 3*j - 10 = -49. Let k = j - -33. What are the prime factors of k?
2, 5
Let i = 76 - 43. Let h = i - 21. List the prime factors of h.
2, 3
Let k(n) = 73*n. List the prime factors of k(1).
73
What are the prime factors of 4/(-18) + (-33)/(-27) - -123?
2, 31
Let g be ((-5)/(-4))/((-1)/4). Let n(z) = -2*z**2 + z - 4. Let t(p) = 3*p**2 - 2*p + 7. Let u(m) = g*n(m) - 3*t(m). List the prime factors of u(3).
11
Let s(a) = 3*a**3 - 3*a**2 - 2*a + 1. Let g be s(-2). Let v = -11 - g. List the prime factors of v.
2, 5
Let l(a) be the first derivative of -a**4/4 - 7*a**3/3 - 9*a**2/2 - 2*a + 4. What are the prime factors of l(-6)?
2
Let p be -10 - 0 - (4 - 2). Let s be (p/3)/((-2)/(-3)). What are the prime factors of (-18)/15*20/s?
2
Let k be (0/(-2))/(-3) + 2. Let g be 15 + (-3)/k*2. Suppose 0 = 2*a + 2*a - g, -5*m = 5*a - 95. List the prime factors of m.
2
Let k be -5 - -2 - -2 - -5. Suppose 0*u - k*u - 8 = 0. What are the prime factors of -1 + u - (0 + -19)?
2
Let x = 51 - 46. Let w = 3 + 9. Let h = x + w. What are the prime factors of h?
17
What are the prime factors of 3/9 - (-240)/9?
3
Suppose 4*q + q = 180. List the prime factors of q.
2, 3
Let y = 1 + 2. Suppose 3*t = -4*o - 5, -y*t + 15 = -2*t - 2*o. Let f = t + 9. What are the prime factors of f?
2, 7
Let s(g) = 3*g**2 - 13*g - 44. What are the prime factors of s(-8)?
2, 3, 7
What are the prime factors of 45/2 + 4/8?
23
Let s(d) = -d**3 + 6*d**2 - 3*d. Let v be s(4). Let o(h) = -h + 4. Let t be o(0). Suppose t*n - v = 20. What are the prime factors of n?
2, 5
Let i be (-16)/(-7) + (-2)/7. Let w be 0 + 1 - 1 - -2. Suppose f - w*s = i*s + 15, 2*s = -3*f + 31. List the prime factors of f.
11
Let z = -206 + 393. List the prime factors of z.
11, 17
What are the prime factors of -4 + (2 - -3) - -11?
2, 3
Let c(q) = 2*q**2 + 0*q**2 + 7*q**2 - q + 6*q**2. List the prime factors of c(-1).
2
List the prime factors of 1 - -66 - (-2 + 6).
3, 7
Let j be 2/5 - 336/40. List the prime factors of (-2)/j*2*14.
7
Suppose -1 = -5*i - 3*k + 2, 0 = 3*i + 3*k + 3. Suppose -i = -2*p + 33. What are the prime factors of p?
2, 3
Let o be (-3 + -2)/(2/(-6)). Suppose -q + i = -o, -5*i = -2*q + 21 + 9. What are the prime factors of q?
3, 5
Let j(a) = a + 13. Suppose -5*r - c - 5 = -r, -25 = 3*r + 5*c. List the prime factors of j(r).
13
Let l(g) = -g**2 + 11*g + 2. List the prime factors of l(6).
2
Let a(r) = -r**3 + 8*r**2 + 10*r - 6. Let q = 3 - 1. Let b be ((-3)/q)/((-3)/18). What are the prime factors of a(b)?
3
Let o be (-159)/(-9) - 8/12. Suppose 3*k - o = -x, 4*x = -4*k + 21 + 7. Suppose 0 = -x*u + 7*u - 60. List the prime factors of u.
2, 3
Suppose 4*l = -5*p - 6, l + 0*l = 3*p - 10. Suppose -4*r + 6 = -p*r. Let f = 7 - r. List the prime factors of f.
2
Suppose 4*v = 99 + 25. What are the prime factors of v?
31
Let u = -23 - -41. List the prime factors of u.
2, 3
What are the prime factors of 2/3*477/2?
3, 53
Let n(t) = -t + 3. Let r be n(0). Suppose -s + 3 + r = 0. What are the prime factors of s?
2, 3
Let g = -56 - -112. What are the prime factors of g?
2, 7
Let p be 32/14 + (-6)/21. Let o(m) = 3*m - 1 - 2*m - 2*m + 4*m. What are the prime factors of o(p)?
5
Suppose 3*u - 4*u + 14 = 0. List the prime factors of u.
2, 7
Let n be 9/2 - (-1)/2. Suppose -n*k + 33 + 8 = -2*g, 2*k - 22 = -2*g. What are the prime factors of k?
3
Let r(z) = 21*z**3 + 2*z - 2. List the prime factors of r(1).
3, 7
Let p(d) = -23*d**3 - d**2. Let s be p(-1). Let y be 84/s + (-10)/(-55). Suppose j - y = 6. What are the prime factors of j?
2, 5
Suppose -4*r + 2*r - 1358 = -2*a, -20 = 5*r. What are the prime factors o